. Let d be z(0). Suppose c + c = -y, -3*y = -d*c. Let b(j) = -j**3 - j + 185. Is b(y) composite?
True
Let h = 9 - 7. Suppose h = -r - 5. Let j = -5 - r. Is j composite?
False
Let m(r) = -r**2 - 8*r - 12. Let u be m(-6). Suppose i - 148 - 151 = u. Is i prime?
False
Let h be (2*-4 - -1) + -2. Let v be ((-20)/(-12) + -2)*h. Suppose 0 = -2*o - u + 694, 5*o = -u + v*u + 1735. Is o a prime number?
True
Let g(t) = t**3 - 20*t**2 - 22*t + 26. Let x be g(21). Is (1166/33)/(x/(165/2)) prime?
False
Is (6 + 1712/12)*(-3)/(-2) composite?
False
Suppose 4*s + 11*i = 15*i + 362224, -i + 181127 = 2*s. Is s a prime number?
False
Let s = -36454 + 63979. Is s/18 + ((-15)/(-18) - 1) composite?
True
Let a be (-1 - 2)*7190/15. Let w = a + 2079. Is w a prime number?
True
Let z be (3 - 9)*2/(-4). Suppose z*p = -2*o + 60, 4*p = -5*o - p + 150. Is (-488)/(-5) - 18/o a prime number?
True
Is 7 + -6 - (-68004)/6 composite?
True
Is (-69976)/(-104) - (-2)/52*4 a composite number?
False
Suppose -42*d + 279786 - 48744 = 0. Is d composite?
False
Suppose 4*s = -0*s + 8. Let l be (24/9 + 0)*(-18)/(-8). Let h = l - s. Is h prime?
False
Let o(t) = -2*t**3 - 11*t**2 - 2*t + 13. Is o(-12) prime?
False
Let f(r) = 591*r + 131. Is f(13) a prime number?
False
Let n = -42 + 38. Let r(b) = -15*b**3 - 5*b**2 - 5*b - 7. Is r(n) a prime number?
False
Suppose 0 = 2*l + 5*k + 47, 3*l - 3*k + k + 42 = 0. Let s = l + 18. Suppose s*a = 6*a - 104. Is a prime?
False
Suppose -3*q + 1654 = -5*t, 0*t - 2192 = -4*q + 4*t. Let s = q - 164. Is s composite?
False
Let g = 5 + 2. Let j(t) = 95*t + 12. Is j(g) a composite number?
False
Suppose -16*s = 2*s - 14778. Is s a prime number?
True
Suppose 18 = -2*s - 3*q, 5*s - 3*q = 10*s + 36. Is (-69)/(-46)*(-2980)/s a composite number?
True
Suppose -4*z + z = 3*l + 3, -l = -2*z - 5. Let u(w) = -408*w**2 - 2*w - 3. Let r(y) = y + 1. Let g(v) = -2*r(v) - u(v). Is g(l) composite?
False
Let x(f) = f**3 + 28*f**2 + 75*f + 37. Is x(-24) a composite number?
False
Let g(a) = 307*a**3 + 2*a**2 - a + 13. Is g(3) composite?
False
Let a(q) = -2509*q + 21. Is a(-2) prime?
True
Is ((-3)/(-9)*-3)/(1/(-10499)) a prime number?
True
Suppose -18430 = -9*a + 770087. Is a composite?
False
Let o(u) = -u**2 - 10*u - 13. Let v be o(-7). Let w = v + 354. Is w a composite number?
True
Let h(u) be the second derivative of 2*u**4/3 + u**3/2 + u**2 - 2*u. Let n = 8 - 5. Is h(n) a composite number?
False
Suppose 5*p + 2*r - 46125 = 7*r, 4*p = r + 36906. Is p a prime number?
True
Let w = 44 - 94. Is (-10)/((-10)/w - (-27)/(-85)) a prime number?
False
Let c(v) = v**3 + 12*v**2 + 3*v + 4. Let y be c(-8). Let g = -38 + 43. Suppose 1151 = g*r + y. Is r a composite number?
True
Let u be 3 + (-2 - (-5 - 12/(-4))). Suppose -4*s = -0*s - 3*l - 3544, -l - 2663 = -u*s. Is s composite?
True
Let m = 729 - -2212. Is m prime?
False
Let m = 22 - 18. Suppose 3 + 16 = p + m*t, -t = p - 10. Suppose -10*h + 921 = -p*h. Is h prime?
True
Let u = 226 + 1341. Is u composite?
False
Let w(k) = -k**2 + k + 18. Let b be w(0). Suppose b*o - 14*o = 0. Suppose -2*r = -o*r - 446. Is r a prime number?
True
Let w(o) = -722*o - 5. Suppose v = -12 + 10. Is w(v) a composite number?
False
Let n be 30/(-4)*6/(-9). Suppose 4*k - 7 = n. Is 3 + k + -4 - -53 composite?
True
Let k be -5 + 4 + 5 + 2. Let y(u) = 8*u**2 - 13*u + 1. Is y(k) a prime number?
True
Suppose -4*v - 3*g = -3, 2*v + g + 4 = -v. Let p(z) = -91*z - 2. Is p(v) prime?
True
Suppose -5*y = 3*d - 0*d + 4765, 3812 = -4*y - 4*d. Let m = -502 - y. Is m a prime number?
False
Let n = 4479 + -1900. Is n composite?
False
Suppose 5*o = -13 + 33. Suppose 485 = o*j - 2007. Is j a prime number?
False
Let s(h) = 4*h**3 + 4*h + 3*h**2 - 3*h**2 - h**2 - 2*h**2 - 4. Suppose -3 - 3 = -2*c. Is s(c) a composite number?
False
Suppose -w - 675 = -6*w. Is 33375/w - 4/18 a composite number?
True
Let x = -59 - -61. Suppose i = -x*s + 149, -3*i - i - 4*s = -580. Is i a prime number?
False
Let o = -20 + 22. Suppose 38 = p + 4*t, 3*p = -o*p - t + 228. Suppose 0*q + 2*q = p. Is q a composite number?
False
Let q be 4767/35 - (-8)/10. Let p = 314 + q. Is p a prime number?
False
Suppose -92*b + 2*q - 11412 = -94*b, -2*q = 5*b - 28545. Is b composite?
False
Let n(o) = -1. Let v(t) = -2*t + 54. Let m(u) = -5*n(u) + v(u). Let p(x) = -x**3 + 8*x**2 + x - 8. Let l be p(8). Is m(l) prime?
True
Let x be (4 - -2)*2/4. Suppose -2*p + x = 1, 5*t = 3*p + 1192. Is t composite?
False
Is (1 - -2) + -8 + 4232 a prime number?
False
Is -2*(-3)/15 - (-309353)/5 a composite number?
False
Suppose -w + 6*w - 5*h + 5 = 0, -2*w + 14 = 2*h. Suppose 0 = -w*x + 3*o + 585, -5*o - 211 = -x - 0*x. Is x composite?
False
Suppose -5*h + 3*h + t + 63766 = 0, 3*h = 2*t + 95649. Is h a prime number?
True
Is ((-2219684)/184)/((-1)/2) composite?
True
Suppose 0 = -4*h - 2*v + 21182, -2*h = -3*h - 2*v + 5291. Is h a prime number?
True
Let n(l) = -4*l**3 - l + 8. Let k(p) = -p**3 - p + 1. Let f(q) = -5*k(q) + n(q). Let w be f(-2). Let h = -2 - w. Is h composite?
False
Let s = -54 - -36. Is (1 - -20)/(s/(-12)) composite?
True
Suppose -2*a - 9*a = 0. Suppose 46*s - 50*s + 16364 = a. Is s prime?
True
Let m(c) = 16 - c**2 - 6*c**2 + c**2 - 15*c + 5*c**2. Let i be m(-16). Suppose -o = -3*z + 284, i*z - 5*z = 4*o - 479. Is z a composite number?
True
Let z(o) be the second derivative of o**4/4 - o**3/2 - 5*o**2/2 + 18*o. Is z(12) a composite number?
True
Let g(u) be the first derivative of 13*u**3/3 + 3*u**2 - 2*u - 17. Suppose x = -5*k + 6*x + 15, -2*k = 4*x - 18. Is g(k) a prime number?
True
Let m = 41289 - 25370. Is m a composite number?
False
Let h(k) = -k**3 + 6*k**2 + k - 5. Let g be h(6). Let y be ((-15)/6)/(g/(-38)). Suppose -4*n + 261 = -y. Is n a prime number?
True
Let i = -8588 + 13255. Is i composite?
True
Let y = -314 - -669. Is y a composite number?
True
Suppose 5*o + 0*y - 18576 = y, 0 = 2*o - 3*y - 7433. Is o composite?
True
Let w(m) = m**2 + 16*m + 24. Let i(f) = -f**2 - 15*f - 25. Let o(j) = -2*i(j) - 3*w(j). Let u be o(-16). Is 2/u - (-8316)/45 a prime number?
False
Let t = -3 - -3. Let u be t*2/(5 + -3). Suppose -5*k + 3*d + 1523 = u, 5*d + 214 + 73 = k. Is k prime?
True
Suppose 3*d = 5*g - 24, g - 4*d = -8 + 23. Let k be ((-8)/g)/((-6)/(-153)). Is 1/((-1)/k) - -1 composite?
True
Let t(j) = j**3 + 7*j**2 - 9*j - 5. Let k = -10 + 15. Suppose 2*d = -k*c - 29, -1 = -5*c + 2*d - 42. Is t(c) prime?
False
Let x = 106 + -48. Is x a composite number?
True
Let l be 3/12 + (-3 - 81/(-12)). Suppose -d + 1588 = 4*p - 2*d, 0 = 5*p + l*d - 1985. Is p prime?
True
Let t be (((-4)/6)/1)/((-2)/2169). Suppose 5*p - 452 = t. Is p a composite number?
True
Let j(l) be the second derivative of -l**5/20 + l**4/2 - l**3/6 + 4*l**2 - 4*l. Let h be j(6). Let a(n) = 15*n**3 + 3*n**2 - 4*n + 3. Is a(h) a prime number?
True
Suppose 78395 = 5*q - 41*a + 36*a, 0 = 3*q + 2*a - 47047. Is q composite?
True
Let g(r) = 22*r**2 - 6*r + 3. Suppose 17 = 4*d - 31. Suppose 0 = -2*t - 0*t - d. Is g(t) prime?
False
Suppose -8196 = -16*g + 1196. Is g a prime number?
True
Suppose -4*j = -4, 3*j + 587 + 87 = h. Is h prime?
True
Let r = -2401 - -4496. Is r composite?
True
Suppose 35434 = 641*u - 639*u. Is u prime?
False
Is (-8)/16 - (-8409)/6 prime?
False
Suppose k - 7837 = -3*v - 713, -3*v = 4*k - 28469. Is k composite?
True
Suppose -3*l = -4*q - 295, 3*q - 482 = -5*l - 0*l. Is l a composite number?
False
Is ((-1371)/12)/((-3)/(-336)*-4) composite?
True
Suppose -44*b = 22*b - 449724. Is b a prime number?
False
Let h(g) = g - 13. Let b be h(17). Suppose 19975 = 5*m - b*z + 4265, 6284 = 2*m + 2*z. Is m composite?
True
Suppose 5*t = 4*x - 11727 + 57269, 0 = -3*t + x + 27328. Suppose 7314 = 8*w - t. Is w a prime number?
True
Let c = 18202 + -10751. Is c a composite number?
False
Let o(h) be the first derivative of 3*h**4/2 - h**3/3 - h**2 + 6*h - 10. Is o(5) a prime number?
False
Let q be -2 + 1 - -1 - -1. Let g be ((3 - 8)*-1)/q. Suppose -g*c + 140 = -c. Is c composite?
True
Suppose -24*p = -26*p. Suppose p = -2*h - 5*r + 1246, -4*h + 2*r = 6*r - 2492. Is h a prime number?
False
Let y = -21 - -17. Is ((-12894)/(-9))/(y/(-6)) a composite number?
True
Let b = 3889 - 2428. Is b composite?
True
Suppose 0 = -0*r - 4*r + 28. Suppose 2*u + r = -3*h, -h - u - 3 = 1. Let z(c) = 22